{"id":9,"date":"2025-03-16T12:53:32","date_gmt":"2025-03-16T12:53:32","guid":{"rendered":"https:\/\/www.rifo.fi\/?page_id=9"},"modified":"2025-03-16T13:09:58","modified_gmt":"2025-03-16T13:09:58","slug":"opetus-ja-varhaiskasvatus","status":"publish","type":"page","link":"http:\/\/www.rifo.fi\/index.php\/opetus-ja-varhaiskasvatus\/","title":{"rendered":"Opetus ja varhaiskasvatus"},"content":{"rendered":"\n<p>Hyv\u00e4n el\u00e4m\u00e4n ev\u00e4\u00e4t annetaan meille kaikille jo varhaiskasvatuksessa ja peruskoulussa. On t\u00e4rke\u00e4t\u00e4 huolehtia, ett\u00e4 t\u00e4ss\u00e4 ty\u00f6ss\u00e4 on asiansa osaavia ammattitaitoisia tekij\u00f6it\u00e4. Yht\u00e4 t\u00e4rke\u00e4t\u00e4 on huolehtia kaikkien tilojen turvallisuudesta ja terveydest\u00e4. Henkil\u00f6kunnan ja oppilaiden jaksamisesta on kaikissa tilanteissa huolehdittava.<\/p>\n\n\n\n<figure class=\"wp-block-image size-large\"><img loading=\"lazy\" decoding=\"async\" width=\"1024\" height=\"452\" src=\"https:\/\/www.rifo.fi\/wp-content\/uploads\/2025\/03\/puolalan-koulu_artikkelikuva-1024x452.webp\" alt=\"\" class=\"wp-image-28\" srcset=\"http:\/\/www.rifo.fi\/wp-content\/uploads\/2025\/03\/puolalan-koulu_artikkelikuva-1024x452.webp 1024w, http:\/\/www.rifo.fi\/wp-content\/uploads\/2025\/03\/puolalan-koulu_artikkelikuva-300x132.webp 300w, http:\/\/www.rifo.fi\/wp-content\/uploads\/2025\/03\/puolalan-koulu_artikkelikuva-768x339.webp 768w, http:\/\/www.rifo.fi\/wp-content\/uploads\/2025\/03\/puolalan-koulu_artikkelikuva.webp 1167w\" sizes=\"auto, (max-width: 1024px) 100vw, 1024px\" \/><\/figure>\n\n\n\n<p>Turun opetuksen tulevia t\u00e4rkeit\u00e4 kehityskohteita<\/p>\n\n\n\n<ol class=\"wp-block-list\">\n<li><strong>Opettajien ja muiden henkil\u00f6st\u00f6n riitt\u00e4vyys<\/strong>: Turussa opettajapula on ollut yksi suurimmista haasteista. Erityisesti erityisopetuksessa ja toisen asteen koulutuksessa on ollut vaikeuksia t\u00e4ytt\u00e4\u00e4 kaikkia paikkoja p\u00e4tevill\u00e4 opettajilla.<\/li>\n\n\n\n<li><strong>Erityisen tuen ja resurssien saatavuus<\/strong>: Erityisesti oppilaat, jotka tarvitsevat erityist\u00e4 tukea (esim. kielelliset vaikeudet, oppimisvaikeudet tai sosiaaliset ongelmat). Erityisopetuksen resursseja on usein rajallisesti, ja se voi aiheuttaa tilanteita, joissa oppilaat eiv\u00e4t saa tarvitsemaansa apua ajoissa.<\/li>\n\n\n\n<li><strong>Opiskeluhuollon ja hyvinvointipalveluiden riitt\u00e4vyys<\/strong>: Koulun psykologi- ja kuraattoripalvelujen saatavuus on ollut monilla alueilla rajallista. T\u00e4m\u00e4 vaikuttaa erityisesti oppilaiden hyvinvointiin ja jaksamiseen. Jos opiskeluhuollon palvelut eiv\u00e4t ole riitt\u00e4v\u00e4n helposti saatavilla, se voi johtaa oppilaiden henkisten ja sosiaalisten ongelmien kasvuun.<\/li>\n\n\n\n<li><strong>Koulujen ja rakennusten kunto<\/strong>: Vaikka Turussa on tehty investointeja koulurakennusten kunnostamiseen, vanhojen koulurakennusten ja -tilojen kunto edellytt\u00e4isi viel\u00e4kin laajoja korjausinvestointeja. Ep\u00e4asianmukaiset oppimisymp\u00e4rist\u00f6t voivat vaikuttaa oppimistuloksiin ja koulun arkeen.<\/li>\n<\/ol>\n","protected":false},"excerpt":{"rendered":"<p>Hyv\u00e4n el\u00e4m\u00e4n ev\u00e4\u00e4t annetaan meille kaikille jo varhaiskasvatuksessa ja peruskoulussa. On t\u00e4rke\u00e4t\u00e4 huolehtia, ett\u00e4 t\u00e4ss\u00e4 ty\u00f6ss\u00e4 on asiansa osaavia ammattitaitoisia tekij\u00f6it\u00e4. Yht\u00e4 t\u00e4rke\u00e4t\u00e4 on huolehtia kaikkien tilojen turvallisuudesta ja terveydest\u00e4. Henkil\u00f6kunnan ja oppilaiden jaksamisesta on kaikissa tilanteissa huolehdittava. Turun opetuksen tulevia t\u00e4rkeit\u00e4 kehityskohteita<\/p>\n","protected":false},"author":1,"featured_media":0,"parent":0,"menu_order":0,"comment_status":"closed","ping_status":"closed","template":"","meta":{"footnotes":""},"class_list":["post-9","page","type-page","status-publish","hentry"],"_links":{"self":[{"href":"http:\/\/www.rifo.fi\/index.php\/wp-json\/wp\/v2\/pages\/9","targetHints":{"allow":["GET"]}}],"collection":[{"href":"http:\/\/www.rifo.fi\/index.php\/wp-json\/wp\/v2\/pages"}],"about":[{"href":"http:\/\/www.rifo.fi\/index.php\/wp-json\/wp\/v2\/types\/page"}],"author":[{"embeddable":true,"href":"http:\/\/www.rifo.fi\/index.php\/wp-json\/wp\/v2\/users\/1"}],"replies":[{"embeddable":true,"href":"http:\/\/www.rifo.fi\/index.php\/wp-json\/wp\/v2\/comments?post=9"}],"version-history":[{"count":4,"href":"http:\/\/www.rifo.fi\/index.php\/wp-json\/wp\/v2\/pages\/9\/revisions"}],"predecessor-version":[{"id":29,"href":"http:\/\/www.rifo.fi\/index.php\/wp-json\/wp\/v2\/pages\/9\/revisions\/29"}],"wp:attachment":[{"href":"http:\/\/www.rifo.fi\/index.php\/wp-json\/wp\/v2\/media?parent=9"}],"curies":[{"name":"wp","href":"https:\/\/api.w.org\/{rel}","templated":true}]}}